 -1 + (-8 - -1) + 11.
3
What is the value of 1 + 2 - 6 - -4?
1
What is 11 - (3 + 3 + 0)?
5
Calculate 7 + -4 - (2 - -2).
-1
What is the value of -7 - ((-5 - 0) + -6) - 3?
1
Evaluate 1 + -10 - -15 - 6.
0
Calculate -2 + (-6 - (-3 - 0)) + 5.
0
Evaluate 2 + 4 - (-1 + 2).
5
What is the value of (-1 - (-2 - 6)) + -1 + -3?
3
What is 10 + -1 + (17 - (36 - 17))?
7
What is -7 + 7 - (2 + -1)?
-1
What is -6 + (4 - (4 + (-3 - 2)))?
-1
What is the value of 7 - (9 + 9 + -16)?
5
Calculate 13 - (11 - -3 - 7).
6
What is the value of (26 - 16) + -1 + -5?
4
Calculate 2 + -6 + 13 + -3 + -1.
5
What is the value of 0 + 3 - (34 - 34)?
3
What is 2 + (21 - 24) + -1 + 3?
1
3 + (-12 - -24 - 24)
-9
Evaluate (4 - (8 + -3 + 0)) + 0.
-1
Evaluate 0 + -9 + 3 + 9 + -6.
-3
What is 0 + 3 + (-1 - 3 - -5)?
4
What is (2 - -3) + (7 - (13 - -8))?
-9
What is 3 - (-5 - (5 - (7 - -3)))?
3
Evaluate -35 + 30 - (0 + (0 - 5)).
0
Evaluate (6 - 11) + 6 - 1.
0
What is 4 + (-4 - -3 - 3)?
0
What is -7 - (3 - ((6 - 3) + 3))?
-4
-4 + 2 - 9 - (18 + -22)
-7
Evaluate 0 + 0 + 2 + -6 + 5.
1
What is the value of -15 + 16 - (1 - 11)?
11
17 + -13 + 2 - (5 - -1)
0
What is 6 - (4 - 1) - 1?
2
2 - (2 + 2) - -2
0
-23 - -9 - (-16 - -8)
-6
Evaluate (-6 - -16) + -12 - -4.
2
Evaluate 2 - (8 + -3 + -2 + 1).
-2
What is 135 + -128 - (0 + -1)?
8
Evaluate 0 + 2 + -8 + (14 - 9).
-1
Calculate (0 - -3) + (11 - 18).
-4
What is 2 + -3 + 5 + -5?
-1
Evaluate -9 - (-17 + 16) - (0 - 0).
-8
Calculate -1 + 1 - 1 - (-4 + 2).
1
Evaluate (4 - -2) + (-11 - 3) + 16.
8
Calculate 2 - -7 - (31 + -18).
-4
What is the value of 0 - (-3 + -2 + 7) - 1?
-3
2 - (-4 + 7 + 6 + -2)
-5
Calculate -3 + (1 - 1) + (-70 - -66).
-7
Calculate (11 - 14) + -1 + 5.
1
Calculate 9 - (10 - 9) - (1 + 14).
-7
Calculate -7 + -9 + (2 - -14).
0
What is 7 + -8 + (4 - 1)?
2
Calculate 3 + (4 - (8 + 2)).
-3
Calculate 1 + (-8 + 10 - -3) - 7.
-1
What is -4 + (-2 + 1 - -5)?
0
Evaluate (10 - 20) + 2 + 8.
0
Calculate 1 + 2 + (-12 - -8) + -5.
-6
What is the value of -1 + (8 - (-4 + 10)) + 0?
1
What is -2 + 9 + -2 + -4 + 1?
2
Evaluate (2 - (-3 - -12)) + 5.
-2
What is -4 - -3 - -2 - -2 - -1?
4
Evaluate -1 - (-5 + 0 + 1).
3
Calculate 1 - (0 - 0 - -4).
-3
What is the value of 1 + -1 - 8 - -4?
-4
What is (5 - 9) + 7 - (9 + -3)?
-3
What is the value of -1 - -1 - (-6 + 9 + -2)?
-1
-5 + 7 - (4 - 4)
2
Evaluate -1 + 7 + 0 + 0.
6
What is the value of 2 + (-6 - (-5 - -2)) - 2?
-3
What is 4 - (-1 - -13 - (10 - 7))?
-5
What is the value of (6 - (-4 + 6)) + -3?
1
Evaluate -5 - 1 - (8 + -3 + -7).
-4
What is -5 - (3 + -4 - (-2 + 5))?
-1
What is the value of 4 + (-3 - (4 - 0))?
-3
What is the value of (-2 - 1) + (18 - 22)?
-7
What is 1 + -4 + 3 + 6?
6
(-1 - -1 - (13 + -10)) + 8
5
What is the value of -8 - 1 - (0 + -6)?
-3
Calculate 0 + 1 + -16 + 7.
-8
Evaluate (-5 - 1) + 1 + (13 - 3).
5
Evaluate -1 - (-2 + 2) - 1.
-2
What is the value of 7 + -1 + -11 + 5?
0
What is the value of 5 - 2 - (0 + 0)?
3
23 + -32 + 7 + 0
-2
What is the value of 5 + -2 + (4 - (-5 + 5))?
7
Calculate 10 + (11 - 12 - 11).
-2
What is -4 - -2 - (0 + -7 + 11)?
-6
What is the value of 3 + -7 - (6 + -5)?
-5
What is the value of 2 - -1 - (-5 - -1 - -3)?
4
What is the value of (-6 - -4) + 3 + -6 + 0?
-5
What is 3 + -3 + 1 + -1 + -2?
-2
Evaluate (6 - (0 - -4)) + -3.
-1
Evaluate 0 + (-2 + -2 - -3) + 0.
-1
Calculate 2 + -7 - (-11 - (2 - 2)).
6
What is 1 - 0 - ((0 - -9) + -7)?
-1
Evaluate -3 - (-2 - (1 - (0 - 0))).
0
Calculate 3 - (-8 + 20 - 8).
-1
Evaluate 13 + (7 - (10 - -9)).
1
Calculate 231 + -234 + (-3 - (-2 - -3)).
-7
5 + 2 + -2 + -7 - -6
4
Evaluate 5 + (-2 - (9 - 3)).
-3
What is the value of -3 + -1 + 4 - 3?
-3
What is the value of -3 + (3 - 7 - -8 - 7)?
-6
What is the value of -1 + (1 - 8) + 0 + 10?
2
Evaluate -4 + (2 + (-5 - -2) - -2).
-3
1 + -8 + 9 + -1 + -4
-3
Calculate -4 - (-2 - (-6 + -6 + 9)).
-5
Evaluate -3 - (-2 - (-3 - -1 - 0)).
-3
Evaluate 7 + (-1 - 0) - (934 - 934).
6
Evaluate -8 + (10 - 6) - -4.
0
What is -3 - (-3 + -1 + -4)?
5
Calculate (2 - 6) + 13 - 6.
3
Calculate -109 - -102 - (2 + -2 + -10).
3
What is the value of -4 + 5 + -4 + (2 - 3)?
-4
What is the value of -1 - (1 + 2) - -1 - -3?
0
What is 68 + -76 + 10 + 1?
3
What is the value of 0 + -2 + 3 + -3 + -1?
-3
8 + 8 + -6 + -16
-6
What is the value of -7 - (-4 + -5 + 3)?
-1
1 - 11 - (6 + -3 + -11)
-2
3 + -1 + 5 + -4
3
Calculate (1 - 0 - 3) + 0.
-2
Calculate (3 - 0 - 3) + -3.
-3
Calculate -1 + -1 + (-4 - (-10 + 1)).
3
Calculate 1 - (0 - (4 - 8)).
-3
(0 - (0 - 4)) + -4 - 0
0
-2 - (0 - 5 - (3 + -2))
4
Calculate (1 - (1 - 11)) + -16.
-5
3 - 9 - (5 + -4 + -3)
-4
What is 7 + (-5 - -1 - 0) + -3?
0
-9 - -4 - -2 - -1
-2
Calculate -2 - ((-9 - -14) + 0).
-7
What is 0 + 5 - -9 - 10?
4
What is the value of (3 - (2 - -2)) + -6 + 2?
-5
Evaluate -22 + 21 - (2 + -2 + 1).
-2
Evaluate (-5 - -2 - 8) + (-24 - -27).
-8
What is the value of 3 - (7 - (3 + 7))?
6
Calculate 2 - (6 + 1) - -10 - 10.
-5
Calculate 4 + 1 + 1 + -1 + -4.
1
Evaluate -4 + 2 + (0 - 5).
-7
Calculate 8 - ((1 - -4) + (-2 - 0)).
5
-1 + -3 - (4 + 4 - 7)
-5
What is -5 + -5 + 4 + 1?
-5
What is the value of 10 + -4 + -3 + -4 + 5?
4
-4 + (0 - 3) + 10
3
Evaluate 5 + (3 + 2 + -8 - -4).
6
What is 6 + -2 + -6 + 1 + -1?
-2
What is 0 - (4 + -2) - 0 - 3?
-5
What is 30 + -30 + 0 + 0 + 5?
5
What is the value of (-1 - -4) + 12 + -9?
6
Evaluate (8 - 2) + -7 + 0.
-1
Calculate 8 + -6 - (0 - -5).
-3
What is 4 - (-6 - (3 + -5))?
8
Calculate (-4 - -7) + (3 - 1).
5
Calculate -9 + (-2 - 2) + 11.
-2
Calculate (-4 - 0 - -5) + 2.
3
Evaluate -3 + -4 + (-5 - -15).
3
What is the value of -6 + 5 + 0 + -1 + 0?
-2
What is the value of -5 + 9 + -1 + (4 - 2)?
5
What is -4 - (-4 - 6 - -9)?
-3
Evaluate 1 + -3 + 7 + -3 + -2.
0
Evaluate 0 + 5 - (5 - 1).
1
What is the value of -2 - (3 + -4 + 1)?
-2
What is (1 - (1 + -5)) + -4?
1
What is the value of -3 + 4 + -6 - (-12 + 10)?
-3
-11 - (5 + (5 - 12) + -4)
-5
What is -4 + 0 + (2 - (0 - -5))?
-7
What is -3 + -2 + -5 + 4?
-6
Calculate -9 + (10 - (-11 - -5)).
7
Calculate -2 - (0 + -11 + 4).
5
What is 0 + (-3 - -2) - 3?
-4
What is the value of -11 - (-7 + 2) - -5?
-1
What is (-8 - -11) + 0 - 10?
-7
Evaluate -10 + 1 - (-10 + 6).
-5
What is (-7 - -3) + 3 - (0 - 4)?
3
What is 7 + -10 - (0 + (-2 - -1))?
-2
-3 + -1 + (3 - 2) + 3
0
Evaluate (-4 - -9) + 1 + -2 + -11.
-7
What is the value of 0 + (2 - (5 - 2)) + -4?
-5
What is the value of -20 - -14 - -8 - (1 - -1)?
0
Calculate 8 + (15 - 9) + -7.
7
Calculate 3 - (2 + (-5 - -10)).
-4
Calculate 2 + -4 + 4 - (-15 - -13).
4
1 + -9 + 2 + 2 + -1
-5
Calculate 5 + -1 + -3 + -10 + 1.
-8
-9 + -1 + (-6 - -4 - -3)
-9
1 + (16 - (4 - -3))
10
(-8 - (-4 - -2)) + 8
2
What is -8 + 13 + (-3 + -6 - 5)?
-9
Evaluate -5 + (8 + -1 - -3).
5
5 - (16 + (-9 - -1))
-3
2 + -2 + (2 - -1) - 6
-3
What is the value of 5 - (6 + 0 + 4)?
-5
Calculate 4 - (10 + (3 - (-1 + 5))).
-5
What is -3 + (-3 - -5) + (4 - 4)?
-1
Calculate -3 - (6 + -13 - -3).
1
What is the value of 1 - 6 - (0 - -5)?
-10
9 + (9 - -4 - 17)
5
-1 + 6 + (-1 - -10) + -9
5
3 + 1 + -3 + 3 - 2
2
Calculate 0 - (-9 - (7 + -13)).
3
Evaluate -21 + 10 + 24 - 6.
7
What is -5 + -1 + (-6 - -3) + 6?
-3
What is 12 + (-4 - 4) - 8?
-4
Evaluate (4 - (0 - -4)) + -8 - 1.
-9
(0 - (0 - 0)) + -84 + 87
3
Calculate (2 + 5 - (3 - 0)) + 1.
5
What is 96 + -96 - (1 + (-3 - -1))?
1
Calculate -3 + -3 + (4 - 3) + -3.
-8
What is the value of (10 - 5) + -11 - -6?
0
Evaluate -2 - (8 - 4 - 12).
6
What is 11 + -8 + 1 + -2?
2
Evaluate 3 + -1 + -5 - (-4 + 3).
-2
9 - (-9 + 15) - (0 + 2)
1
-4 - (3 - (-1 + 2 + 0))
-6
Calculate (-2 - 3) + -8 + -4 + 16.
-1
1 + (4 - ((-2 - -2) + 6))
-1
What is (0 - 2 - (-13 + 18)) + 6?
-1
Calculate -1 + -5 + 3 + 0.
-3
(-16 - -12) + (-2 - -5) + -1
-2
Evaluate -3 - -3 - (1 + 3 - 2).
-2
What is 6 - (-3 - 2) - 5 - 3?
3
Evaluate -6 + (-7 - -7) - -9.
3
Calculate -3 - (5 + 3 + (3 - 9)).
-5
Calculate -3 + -5 + 6 - 2 - -1.
-3
What is the value of -6 - -9 - (1 + (1 - -1))?
0
-3 + 9 - (10 - 2)
-2
-10 + (-6 - -17) + -4
-3
1 - (8 + (-3 - 1))
-3
Evaluate (10 - (15 + -3)) + 2.
0
Evaluate (0 - -2) + -15 + 9.
-4
What is the value of -7 + (-11 - -5) + 10 - -5?
2
Calculate 2 + 1 - (-15 + 8 + 15).
-5
What is (1 - -2) + 7 - 9?
1
3 - (9 - 4 - 6 - -6)
-2
What is -2 + (3 - (-2 - -4))?
-1
Evaluate 5 + -4 - (6 + -2) - 2.
-5
What is 0 + (1 - 3 - -2) - 3?
-3
Calculate 2 - (4